Let u(r) = 49*r - 19. Let l(f) = -3*f**2 - 3*f - 23. Let g(v) = v**2 + 1. Let s(a) = -4*g(a) - l(a). Let n be s(5). Is u(n) a composite number?
True
Let n(t) = -t**3 + 9*t**2 + 13*t. Let r be n(9). Suppose 0 = -5*y - o - r, 0 = -y - 4*o + 2 - 14. Let m = 611 + y. Is m a composite number?
False
Let v be 5/((-100)/(-10)) - (-2)/(-4). Suppose 2*f + 74016 = 6*f - 4*k, v = -k + 1. Is f composite?
True
Let h be 0 + 843 + 2/2. Suppose 4*z = -4*c + 1484, 4*z = 5*c + 1968 - 484. Let u = h - z. Is u a composite number?
True
Let b(q) = -q**2 + 3*q + 33. Let i be b(7). Let v be -2*(26/(-4) + i). Suppose 5*g - 403 = -3*k, v*g - 253 = k - 0*k. Is g composite?
False
Suppose 2*j = 3*b - 0 - 14, 0 = 2*j + b + 6. Is ((-2)/j)/(-7*(-5)/69370) a composite number?
False
Suppose 0 = 17*r - 23*r + 48. Suppose 15*c - 47929 = r*c. Is c prime?
False
Let g(h) = 8*h**3 - h**2 - 4*h - 2. Let a be g(-1). Let j(r) = -4*r - 17. Let y be j(a). Is (-24073)/(-209) - 2/y prime?
False
Let m be 11/(495/209830) + 1/9. Suppose m = 5*x + 1728. Is x prime?
True
Let c = -348 + 345. Is 1*(57920/30 + (-1)/c) composite?
False
Let b(i) = 54*i + 54. Let c be b(5). Let h = 545 - c. Is h composite?
True
Let z = 285 + -486. Let i = z + 646. Is i a prime number?
False
Is (3 - 8) + 169867 + (1*12)/(-4) a composite number?
False
Suppose 25*q - 10617256 = 1670311 - 2197117. Is q a prime number?
False
Let p = -133201 - -329114. Is p a prime number?
True
Is (9/63 - (-16374342)/210)/(6/15) a prime number?
True
Let x(f) = -4*f + 1. Suppose -4*p = 2 + 2. Let a be x(p). Suppose -w - 4*b = -416 - 27, 5*b = a*w - 2115. Is w a composite number?
True
Suppose 1408662 = 74*p - 240428. Is p composite?
True
Let i = -5819176 + 12221326. Is (-2)/14 - i/(-287) a composite number?
False
Let a be 9/21 - (-11)/((-154)/(-60348)). Let m = -1678 + a. Is m a composite number?
False
Let z = 3307 + 817. Suppose 16*y = 27*y - 70763. Let h = y - z. Is h composite?
False
Let k = -84 - -93. Let v be (-6)/k*3 + 12/3. Suppose 17239 = b + 2*b - 2*z, -v*b = 3*z - 11497. Is b composite?
True
Suppose -10*c + 27*c - 255 = 0. Is (-3862)/(-3)*c/10 a composite number?
False
Suppose 897*p - 17 = 931*p + 833. Suppose 0 = -0*m - 4*m + 1096. Let x = m + p. Is x composite?
True
Let i(w) be the first derivative of -11*w**4/4 - 2*w**3/3 - 15*w**2/2 - 15*w + 18. Is i(-5) prime?
False
Suppose -w + 4*z = 5*z - 28150, -w + 28129 = 4*z. Is w composite?
True
Let m(w) = -30800*w - 10805. Is m(-39) a prime number?
False
Suppose -4*t = -8*t - 12, -3*b = -4*t - 6858. Suppose -g + 3*g - b = 0. Let z = g + -86. Is z prime?
False
Suppose 4278319 = 115*h - 26*h. Is h a composite number?
True
Suppose 7*x - 6*x + 4*j = 10543, 4*x - 2*j = 42244. Is x composite?
False
Suppose 0 = -0*s + 3*s - t - 8, 5*s - t - 12 = 0. Suppose -5*x + 17 - 7 = -2*r, x - 5*r - s = 0. Suppose -4*d + 2674 = -x*d. Is d composite?
True
Suppose -4*x = -5*x - 134. Let r = -124 - x. Suppose 0 = 5*z + 2*k - 2223, -5*z + k + 2221 = r. Is z composite?
False
Let o = -358 + 167. Let l = -2 - 0. Is (o + 0)*((2 - l) + -9) composite?
True
Suppose -30 + 58 = 7*t. Let h(k) = 60*k**3 - 7*k**2 + 10*k - 7. Is h(t) a composite number?
False
Let u be (340/6)/5 + 10/15. Suppose -212 = 8*b - u*b. Suppose 58*d - b*d - 55 = 0. Is d composite?
False
Let c be -2 + -2 + (-4)/2 + 3. Let j(h) = -h**2 - 5*h - 5. Let q be j(c). Is ((-9)/6)/((-2883)/2874 + q) composite?
False
Suppose 3*r - 2*z = -0*r + 1193379, -r - 4*z = -397779. Is 1/(-4) - r/(-108) composite?
True
Let k be ((-22)/44)/(1/(-68)). Let i = k - -305. Is (1 - 1)/5 + i composite?
True
Let s(n) = 12148*n**2 + 36*n - 89. Is s(3) a prime number?
False
Let o(x) = x**3 - 10*x**2 - 26*x + 10. Let l be o(12). Let d be (-231)/l + 6/4 + 2. Suppose u = -c + 445 + 809, 0 = 4*u + d. Is c composite?
False
Let j(i) be the second derivative of 43*i**4/6 - 4*i**3/3 - 11*i**2/2 + 2*i. Let t = -3448 + 3443. Is j(t) composite?
False
Suppose -6 = d - f, 0 = -3*d - 2*f - 11 - 27. Is 1*d/(-2) - -23364 a prime number?
True
Suppose 3*q = -4*q - 7. Let z(w) = -5653*w + 16. Is z(q) prime?
True
Suppose 0 = -3*m + 3*r - 24, -2*m + 10*r - 14*r - 4 = 0. Is 17010944/192*m/(-8) a composite number?
False
Let p(u) = u**3 - 5*u**2 - 2*u + 5. Let r(c) = -6*c - 17. Let l be r(-4). Let z = l + 5. Is p(z) a composite number?
True
Let w = 14800 - 10554. Let v = w - 2885. Is v composite?
False
Is (-5069427)/(-63) - -2*14/(-294) a prime number?
False
Suppose 5*x - 108517 = -4*z, 0 = -3*x + 21*z - 18*z + 65094. Is x a composite number?
False
Let r = 90521 + -55061. Suppose -r = -28*i - 3148. Is i a composite number?
True
Suppose -37*u + 40*u + 443528 = 2*h, -2217712 = -10*h + 3*u. Is h a composite number?
False
Let w(q) = -4*q**3 - 2*q**2 + 8*q - 2. Let x(z) = 3*z**3 + 3*z**2 - 8*z + 3. Suppose -t - 4 = -0. Let s(d) = t*w(d) - 5*x(d). Is s(14) composite?
True
Let o(i) = 8654*i**2 + 5*i + 4. Is o(5) composite?
False
Let f(p) = 14978*p**2 - 131*p + 1457. Is f(10) prime?
False
Suppose 4*n = g + 23, 4*g + 2*n - 7*n + 37 = 0. Is 14 + -11 + (-3)/(g/7238) prime?
False
Let g(k) = -5 - 3 - 112*k**3 + 109*k**3 - 8*k**2. Is g(-7) a prime number?
False
Let n(l) = l - 26. Let v be n(12). Let b = 17 + v. Is (-2 - -421) + (b - 3) a prime number?
True
Let a(m) = -m**2 + m + 1. Let t(d) = 2*d**2 - 5*d + 20. Suppose 0 = -2*i - 18 + 6. Let b(o) = i*a(o) + t(o). Is b(7) a composite number?
True
Suppose -2*p + 5*b = -21, 0 = 2*b + 2 + 4. Suppose -p*c + 10 = 1. Suppose c*d = -2*d + 2*m + 11549, -5*m + 6917 = 3*d. Is d a prime number?
True
Suppose j = 5*o - 25353, -3519 = -o + 2*j + 1548. Suppose -o = -2*z - 501. Is z composite?
True
Is 2/((-9659859)/11592306 - (-10)/12) a composite number?
True
Suppose -20*b + 17*b = -2*x + 5, -2*x - 5*b = -13. Suppose 7*i = 2*r + 6*i - 5855, -x*r - 3*i = -11725. Is r composite?
True
Let b = 446976 + 35437. Is b prime?
True
Is (-977020)/60*(-7 + (-8)/(-2)) prime?
False
Suppose -2*y - 512 = -538. Suppose h - 8179 = 3*v, -4*h + 32736 = y*v - 15*v. Is h a prime number?
False
Let q(k) = 41*k**3 - 31*k**2 - 17*k + 99. Is q(22) a prime number?
False
Let f = 15180 + -11867. Is f a prime number?
True
Let b be ((-77)/14 - -5)*-332. Let y = 635 - b. Is y composite?
True
Suppose -4*r = -2*r + 5180. Let a = -10245 + 5484. Let c = r - a. Is c a composite number?
True
Let s(f) be the second derivative of 137*f**6/720 + 2*f**5/5 + 3*f**4/4 + 13*f. Let d(j) be the third derivative of s(j). Is d(5) prime?
True
Let r(s) = 4163*s**3 - 7*s**2 + 3*s + 16. Is r(2) composite?
True
Suppose -5*v = 9*n - 8*n - 40291, 0 = v + 4*n - 8043. Suppose 0 = -m + b + 2026, -15*b + 10*b = 4*m - v. Is m composite?
True
Suppose 30 = -30*b + 36*b. Suppose 6*l + 2*g = b*l + 2327, 0 = 3*l + 5*g - 6978. Is l prime?
False
Suppose 0 = -v - 7*v. Suppose 3*h = 4*h + 4*i + 3181, 2*i + 10 = v. Let n = 4818 + h. Is n a composite number?
False
Let r(o) = 7*o**3 - 82*o**2 + 10*o + 205. Is r(26) a prime number?
False
Suppose -1125 = -r + 76. Suppose -2526 = -5*p + 4*f + r, f = 3*p - 2232. Suppose -3*h + 1618 = -p. Is h a prime number?
True
Suppose 3*g = -4*d + 7, 0 = -5*d - 3*g + 8 + 3. Is d*6/(-24) - -4475 a composite number?
True
Let f(h) = 3468*h**2 - 22*h - 1. Is f(-5) prime?
False
Let w(o) = -o + 1. Let i be w(1). Let m(j) = j**3 - 23*j**2 + 34*j - 258. Let s be m(22). Suppose s*r - 3969 - 12525 = i. Is r a composite number?
False
Let y = 76482 + -52201. Is y composite?
False
Suppose -3*h = 2*t - 209854, 0 = 3*t - 82*h + 85*h - 314787. Is t a prime number?
True
Let t be (-3)/(-4) - 3349/(-4). Suppose -666*y + 685*y + 7467 = 0. Let w = t + y. Is w prime?
False
Suppose l = -4*j + 2164922, -541221 = -j - 3*l - 2*l. Is j a prime number?
True
Let s(k) = -28*k**2 - 14*k - 16. Let z be s(7). Let l be (8/8)/((-2)/4546). Let i = z - l. Is i composite?
False
Let z be 0*3/9*-1 + 6. Suppose 0 = z*x + 5098 - 33400. Is x prime?
False
Let s = 94793 + -34752. Suppose -40 = -4*m - 28, 5*c - s = -2*m. Is c a composite number?
False
Let s = 2955 - -4031. Let i = s - 4417. Is i a composite number?
True
Let k = -184 + 244. Is k/(-15) - (-1 + -1 + -1515) a composite number?
True
Let m = 135 + -130. Suppose 4*t - 4332 = 2*h, 5402 = m*t + 4*h - 0*h. Is t prime?
False
Let k = 334365 + -224576. Is k a prime number?
True
Suppose -5*v + 3817 = 2*a, -203